tens digit of u?
8
Let q(d) = 7329*d**2 + 32*d + 67. What is the tens digit of q(-2)?
1
Suppose -632 = 5*m + 2*v - 3*v, 124 = -m + v. Let r = m + 88. Let j = r - -190. What is the tens digit of j?
5
Let p = 10308 + 7200. What is the units digit of p?
8
What is the thousands digit of 178*((-1712)/(-32) - 0)?
9
Suppose w + 9 = -6. Let y = -19 - w. What is the units digit of y - ((-2 - 2) + -7)?
7
Let j be (-3)/(-1 + -1 + 1). Let g(s) = 4*s**2 + 9*s + 7. Let d(h) = h**2 - 1. Let a(m) = j*d(m) - g(m). What is the units digit of a(-7)?
4
What is the tens digit of (-3)/((-63)/105) - (-9182 + 2)?
8
Suppose 0 = 21*y - 25*y - 8. What is the hundreds digit of (-570 - -46)/(4/y)?
2
Let h be (-8)/(-10) - 71/(-5). Suppose 1385 + 2290 = h*o. What is the hundreds digit of o?
2
What is the thousands digit of -19 - -1388*1065/20?
3
Let g be -7*(362/(-28))/(14/168). Suppose -g = 12*o - 6*o. Let f = o - -371. What is the units digit of f?
0
Suppose -17*j - 3084 = -13*j. Let w = -504 - j. What is the hundreds digit of w?
2
Suppose 36 = -4*o - 0*g + 4*g, -4*o + g - 36 = 0. Let i(r) = 6 + 0*r**2 - 9*r**2 + 5 - r**3 - 17*r + r**2. What is the units digit of i(o)?
5
Suppose 4*t - 105 = 5*p, -p + 8 = 13. Let l = 8 - -53. Let o = l - t. What is the tens digit of o?
4
Suppose 5*j + 4601 = -0*j + 2*s, 2763 = -3*j + 2*s. Let k = j - -2950. What is the units digit of 5/30 + k/18?
3
Suppose -d - 441 = -4*t, -4*t + 3*t - 4*d = -106. Suppose -4 = -2*p - 0. Suppose -p*i - t = -7*i. What is the tens digit of i?
2
Let z(n) = 20392*n**3 + 8*n**2 + 9*n - 16. What is the thousands digit of z(1)?
0
Let n(j) = 483*j**2 + 3*j - 1. Let w(b) = -b**3 + 15*b**2 - 14*b - 1. Let i be w(14). What is the hundreds digit of n(i)?
4
Suppose -151*o + 149*o = -3816. Suppose -88*i = -82*i - o. What is the hundreds digit of i?
3
Suppose -3*o = h - 12201, -48*h = 2*o - 47*h - 8134. What is the units digit of o?
7
Let u be 0 + 2/(-4)*(1 - 1). Suppose u = -18*g + 7*g + 33. What is the units digit of g?
3
Suppose 0 = 5*o - w - 38609 + 6985, -25292 = -4*o - w. What is the thousands digit of o?
6
Suppose -s + 11*i + 234 = 9*i, 710 = 3*s - 2*i. Let f = 314 - 461. Let j = s + f. What is the tens digit of j?
9
Let c(d) = -d**3 - 3*d**2 + 8*d - 9. Let l be c(-9). Suppose -8*u + l = -3*u. Suppose 5*v - 4*v - u = 0. What is the units digit of v?
1
Let t be 250/(-150)*(-9)/5. Let f = -34 + 61. Suppose t*q + 3 = f. What is the units digit of q?
8
Suppose 2*q - 94 = 50. Suppose 5*g - k + q = 2983, g = -3*k + 595. What is the hundreds digit of g?
5
Suppose 15416 = -73*d + 75*d. What is the thousands digit of d?
7
Let t = -221 + 382. Suppose x = -5*j + t + 133, -x + 276 = -j. Let k = 527 - x. What is the tens digit of k?
4
Let x(p) = 2138*p**2 + p + 1. Let a be x(-1). Suppose 10*j - a = 1482. What is the units digit of j?
2
What is the tens digit of 8/(-22) + (-5385250)/(-550)?
9
Let t = 54 - 67. Let k(i) = 3*i**2 + 27*i - 13. Let o be k(t). Let x = 178 - o. What is the units digit of x?
5
Let l(c) = 22*c**2 + 419*c + 33. What is the thousands digit of l(22)?
9
Suppose 8 = -2*x + 18. Suppose -148 = -j + 3*t, 0 = x*j + t - 2*t - 810. Suppose 3 - j = -5*q. What is the tens digit of q?
3
Let k = 224 - 207. Suppose 0 = -5*j - k*j + 9790. What is the units digit of j?
5
Suppose c - 4*c = -2*d + 133, 3*d + 3*c = 162. Let x = -52 + d. Suppose 3*f = x*f - 884. What is the units digit of f?
1
Suppose 374*l - 377*l - 34521 = -5*q, 5*q - 5*l - 34515 = 0. What is the units digit of q?
6
Suppose 0 = b - 2*u + 3747, -3*b + 11239 = -6*b + 4*u. Let j = 2473 + b. What is the units digit of (-2)/7 + j/(-42)?
0
Suppose -7*k + 2*k + 2*c = 10, -15 = -4*k - 3*c. Let p be 908 + k + (-4 - -6). Suppose 0 = 4*n - l - p, n = 3*n - 5*l - 446. What is the units digit of n?
8
Let h(a) be the third derivative of a**5/20 - 29*a**4/24 - 13*a**3/6 - 67*a**2. What is the hundreds digit of h(18)?
4
Let o = -3833 - -2291. Let y = o + 2647. What is the hundreds digit of y?
1
Let k(u) = 3*u**2 - u. Let o(d) = 18*d**2 + 13*d + 19. Let s(x) = -5*k(x) + o(x). What is the hundreds digit of s(-12)?
2
Let q = 278 - 279. What is the hundreds digit of (-16 + 17)/(q*4/(-3284))?
8
Suppose -5*f + 5 = 3*s, 0 = 5*f - 2*f + 6. Let o be 5/(15/6) + -1. What is the units digit of -3 + o/(s/20)?
1
Let o be 1/((-4)/24*(-24)/44). Suppose o*b = 4035 + 552. What is the units digit of b?
7
Suppose 6*p - 9108 = -17*p. Let n = -339 + p. What is the tens digit of n?
5
Let u(z) = -18334*z - 357. What is the ten thousands digit of u(-2)?
3
Let l(v) = 1587*v**2 - 24*v - 11. What is the hundreds digit of l(2)?
2
Let l(z) = -22*z**3 + 3*z**2 - 16*z - 326. What is the tens digit of l(-7)?
7
Suppose -69*x + 5*q = -71*x + 37702, 0 = 3*x - 3*q - 56511. What is the thousands digit of x?
8
Let a = -1031 - -1052. Let g(k) = -k**3 - 4*k**2 - 7*k - 5. Let t be g(-4). Let d = t - a. What is the units digit of d?
2
Suppose 0 = x + 2*c - 56, -18 = -3*x - 4*c + 142. Suppose s + 9 = m, x = -5*s - m + 3*m. What is the tens digit of ((-4)/(20/73))/(2/s)?
7
Let k = 504 + -504. Suppose k = 3*i + 3*x - 2418, -5*i + 2*x + 5742 = 1740. What is the units digit of i?
2
Let r(y) be the second derivative of y**5/20 - 29*y**4/12 + 16*y**3/3 - 34*y**2 - 161*y. What is the units digit of r(28)?
4
What is the hundreds digit of 90/(-198) + 140211/11?
7
Suppose 8*r + 1554 + 1254 = 0. Let m = r + 974. What is the hundreds digit of m?
6
Let z = -256 - -652. Suppose 2*g = 8*g - z. Suppose -6*v + g = -3*v. What is the units digit of v?
2
Suppose -6*i - 15 = -39. Suppose -6*c + i*c - 222 = 0. Let d = c - -170. What is the tens digit of d?
5
Suppose -2*q - 35 = -7*q. Suppose 12*b = q*b + 15. Suppose -r - r + 173 = -3*s, -3*r - b*s = -222. What is the units digit of r?
9
Let g(h) = -24*h + 7*h - 12*h - 23*h + 9*h - 77. What is the hundreds digit of g(-17)?
6
Let q(b) = 8*b - 48. Let i be q(19). Suppose 49*n - i = 48*n. What is the tens digit of n?
0
Let h = 29 - 87. Let w be (-14 - -11)*h/2. Let x = 170 - w. What is the tens digit of x?
8
Let w(p) = 2*p**2 - 5*p - 13. Let u be w(4). Let o = u + 0. Let r(s) = 81*s**2 - 1. What is the units digit of r(o)?
0
What is the units digit of 25 + (-1275)/50 - 1/((-2)/15243)?
1
Suppose 0 = -10*n + 22 + 18. Suppose -n*k - 6*k + 1020 = 0. What is the hundreds digit of k?
1
Let b = 25389 - -2811. What is the thousands digit of b?
8
Let l(j) = j**3 + 23*j**2 + 22*j + 4. Let w be l(-22). Suppose -2*d + 4*h + 2321 = 3*d, -h - 1859 = -w*d. What is the hundreds digit of d?
4
Let u be (-12)/(-20) - (-686)/(-10). Let y = 58 + u. What is the tens digit of (-9)/(45/y) - -56?
5
Let d = -136 + 138. Suppose 0 = 3*k + y - 14, 4*y - d = k + y. Suppose -4*n = -n - k*m - 406, -3*n + m + 421 = 0. What is the hundreds digit of n?
1
What is the thousands digit of -1*(2 - 0)*-4596?
9
What is the thousands digit of 0 + (10079 - 1) - (-519 + 527)?
0
Let u(t) = 2891*t**2 + 83*t - 233. What is the tens digit of u(3)?
3
Let c = 5322 - 3092. What is the hundreds digit of c?
2
Let f(k) = -k**2 + 4*k + 219. Let s be 36/144*0/(-2). What is the hundreds digit of f(s)?
2
Suppose 5271*p = 5268*p + 13446. What is the units digit of p?
2
Suppose -k + 4*k - 21583 = 5*m, 3*m = -4*k + 28816. What is the tens digit of k?
0
Let b = 19150 + -3081. What is the thousands digit of b?
6
Let t(o) be the first derivative of -4*o**2 + 7/3*o**3 - 13 - 12*o. What is the tens digit of t(-4)?
3
Let a = -34010 - -50295. What is the tens digit of a?
8
Suppose 3*q + 5*q + 8 = 0. What is the units digit of 294 - 0/((4 + -3)*q)?
4
Let f(g) = -2*g**2 + 4*g + g**2 - 2 - 2 + 0*g**2. Let t be f(4). What is the tens digit of ((-178)/(-5) - -2)/(t/(-10))?
9
Let u = 3574 - -2464. What is the thousands digit of u?
6
Let q = -15312 + 22261. What is the tens digit of q?
4
Let n(t) = 527*t + 15. Let r be n(7). Suppose -141*h + r = -133*h. What is the units digit of h?
3
Suppose 0 = -l - z + 4*z + 6, 10 = -4*l - 5*z. Suppose -6*f - f + 21 = l. Suppose f*r + r = 432. What is the tens digit of r?
0
Let n be (-1595)/10 + 5/10. Let g = n + 644. What is the hundreds digit of g?
4
Let b(q) be the second derivative of 14*q**4/3 + 3*q**3/2 - 5*q**2/2 + 42*q. What is the hundreds digit of b(3)?
5
What is the tens digit of ((90/(-54))/5)/(1/(-35703))?
0
Wha